.
203
Calculate the greatest common factor of 549860 and 475.
95
What is the greatest common divisor of 937818 and 126?
126
Calculate the highest common divisor of 4242897 and 801.
801
What is the greatest common factor of 70 and 26194?
14
What is the highest common factor of 882 and 5516?
14
Calculate the greatest common divisor of 9840 and 690030.
1230
What is the greatest common divisor of 459 and 344165?
17
Calculate the greatest common factor of 3947 and 23.
1
Calculate the highest common factor of 654 and 439161.
327
What is the greatest common divisor of 148 and 49802?
74
Calculate the highest common divisor of 615 and 22305.
15
What is the highest common divisor of 309914 and 44?
22
Calculate the highest common divisor of 5 and 1274285.
5
What is the highest common divisor of 264 and 43480?
8
Calculate the highest common factor of 10398358 and 38.
38
Calculate the highest common divisor of 485541 and 9.
9
Calculate the highest common factor of 800 and 208950.
50
What is the greatest common factor of 858 and 23034?
66
What is the highest common factor of 202 and 708919?
101
Calculate the greatest common factor of 10304 and 48.
16
Calculate the highest common divisor of 43408 and 32.
16
Calculate the highest common divisor of 100 and 173300.
100
What is the greatest common divisor of 2223 and 9063?
171
What is the highest common divisor of 1666 and 11564?
98
Calculate the greatest common factor of 5909706 and 396.
198
Calculate the greatest common factor of 3488 and 3040.
32
What is the greatest common divisor of 4320 and 24792?
24
Calculate the highest common divisor of 405 and 132345.
45
What is the highest common factor of 290 and 1750?
10
What is the highest common factor of 83070 and 195?
195
What is the highest common factor of 2689521 and 344?
43
Calculate the highest common divisor of 1892 and 444092.
44
What is the greatest common divisor of 83475 and 1750?
175
Calculate the highest common divisor of 3 and 245517.
3
What is the highest common divisor of 30 and 2514?
6
Calculate the greatest common factor of 110607 and 420.
21
What is the highest common factor of 39562 and 755?
151
What is the greatest common divisor of 39405 and 6319?
71
What is the highest common factor of 1263073 and 596?
149
What is the greatest common divisor of 3198 and 4478799?
1599
What is the highest common divisor of 130441 and 34?
17
What is the highest common divisor of 10 and 4595?
5
What is the greatest common divisor of 7 and 100933?
7
Calculate the greatest common factor of 56052 and 13122.
162
Calculate the highest common factor of 890 and 225615.
445
Calculate the highest common factor of 191151 and 9.
9
Calculate the greatest common divisor of 1397 and 34163.
127
What is the highest common divisor of 34 and 35182?
2
Calculate the greatest common factor of 5 and 69535.
5
Calculate the highest common divisor of 10498 and 1914.
58
Calculate the greatest common divisor of 579788 and 22.
22
Calculate the greatest common factor of 817 and 2641.
19
What is the highest common divisor of 9 and 547011?
9
Calculate the highest common divisor of 232 and 2267220.
116
What is the highest common divisor of 455 and 68445?
65
What is the greatest common divisor of 4485 and 325?
65
Calculate the highest common factor of 2400 and 2382.
6
Calculate the highest common divisor of 29773 and 19.
19
Calculate the greatest common factor of 11425 and 675.
25
Calculate the highest common divisor of 14934 and 969.
57
What is the highest common factor of 765 and 6528?
51
What is the greatest common divisor of 6357 and 52?
13
What is the greatest common divisor of 30 and 5351910?
30
What is the greatest common factor of 875 and 60935?
35
What is the highest common divisor of 432 and 183?
3
Calculate the greatest common divisor of 24750 and 4320.
90
What is the greatest common divisor of 3286 and 3074?
106
Calculate the greatest common factor of 32227 and 299.
13
What is the highest common divisor of 117130 and 884?
442
Calculate the highest common factor of 161 and 402017.
161
Calculate the greatest common divisor of 96400 and 3800.
200
What is the greatest common factor of 1357966 and 318?
106
Calculate the highest common divisor of 66798 and 198.
18
Calculate the highest common divisor of 74907 and 3393.
261
Calculate the highest common factor of 237 and 106413.
237
What is the greatest common factor of 2441647 and 8723?
793
What is the greatest common factor of 658 and 1288270?
94
Calculate the highest common factor of 342 and 7296.
114
What is the highest common factor of 1003618 and 209?
209
Calculate the greatest common divisor of 1560 and 1026012.
156
Calculate the highest common factor of 1724610 and 240.
30
Calculate the highest common factor of 10 and 99670.
10
What is the highest common divisor of 72 and 1505718?
18
Calculate the greatest common factor of 5163 and 111.
3
Calculate the highest common factor of 70 and 244944.
14
What is the greatest common divisor of 322341 and 6?
3
What is the greatest common divisor of 5103 and 17388?
189
Calculate the highest common factor of 45 and 2670.
15
What is the highest common factor of 329220 and 3?
3
Calculate the highest common factor of 1515 and 5160.
15
What is the highest common factor of 3224294 and 470?
94
Calculate the greatest common divisor of 41291 and 314.
157
What is the greatest common divisor of 13144 and 992?
248
Calculate the highest common factor of 6320 and 36.
4
What is the greatest common divisor of 405 and 5913?
81
What is the greatest common divisor of 209 and 26411?
11
What is the highest common factor of 30 and 328530?
30
What is the greatest common factor of 1 and 14744?
1
What is the greatest common factor of 302239 and 7?
7
What is the greatest common divisor of 438 and 984?
6
What is the highest common divisor of 292 and 24455?
73
Calculate the highest common factor of 1189 and 4930.
29
What is the greatest common factor of 9430956 and 36?
36
Calculate the highest common divisor of 8892 and 64.
4
What is the highest common divisor of 392484 and 24?
12
Calculate the greatest common factor of 2097 and 205739.
233
Calculate the highest common factor of 919667 and 7.
7
Calculate the highest common divisor of 286 and 64350.
286
Calculate the highest common divisor of 115584 and 416.
32
What is the highest common divisor of 4712 and 488?
8
Calculate the highest common factor of 273897 and 585.
117
What is the greatest common factor of 30380 and 56?
28
What is the greatest common divisor of 48528 and 648?
72
What is the highest common factor of 50360 and 80?
40
Calculate the greatest common divisor of 850696 and 1540.
308
Calculate the highest common divisor of 20 and 810.
10
What is the highest common divisor of 73282 and 33?
11
Calculate the greatest common factor of 60088 and 42.
14
Calculate the greatest common factor of 10246 and 436.
218
Calculate the highest common factor of 877992 and 3.
3
What is the greatest common divisor of 3536 and 156?
52
Calculate the highest common divisor of 52925 and 87.
29
What is the greatest common factor of 3249 and 14934?
57
What is the highest common divisor of 957 and 41673?
87
What is the highest common factor of 281 and 596563?
281
Calculate the highest common divisor of 1470 and 7448.
98
What is the highest common divisor of 334048 and 11680?
2336
Calculate the highest common factor of 29 and 158659.
29
What is the highest common factor of 44 and 2186437?
11
Calculate the greatest common divisor of 77 and 553399.
77
Calculate the greatest common divisor of 12748 and 596.
4
What is the greatest common divisor of 1023921 and 243?
81
What is the highest common divisor of 238608 and 324?
36
Calculate the greatest common divisor of 576 and 198504.
72
Calculate the highest common factor of 31 and 463357.
31
Calculate the greatest common divisor of 43188 and 4148.
244
Calculate the highest common factor of 801 and 8989.
89
What is the highest common divisor of 255 and 1200?
15
Calculate the greatest common factor of 46312 and 84.
28
What is the greatest common factor of 1736 and 2816?
8
Calculate the highest common divisor of 1634 and 10062.
86
Calculate the greatest common factor of 6 and 848994.
6
Calculate the greatest common divisor of 82 and 426.
2
Wha